 - 2, 4*v - 28 = h*u. Suppose -40 = -4*n + v. What is the tens digit of n?
1
Let x = 252 + -180. Suppose 0 = -5*n + 143 + x. What is the tens digit of n?
4
Suppose 0 = -5*r - 3*m + 28 + 82, -2*r + 5*m = -44. What is the units digit of r?
2
Suppose -3*k + 2 = -7. Suppose -k = -2*m + 7. Suppose 11 + m = c. What is the units digit of c?
6
Let w be (-4)/14 + 23/7. Suppose 4 + 11 = w*r. Let i = r + 4. What is the units digit of i?
9
Suppose -4*c = -8 - 0. Suppose -2*u - 2*u - 2*w = -14, -c*u = 5*w + 5. Suppose u*r - 24 + 4 = 0. What is the units digit of r?
4
Let n(o) be the first derivative of 1/2*o**2 + 1 + 0*o. What is the units digit of n(9)?
9
Suppose 9*w - 4*w - 15 = 0. Suppose -h + 2*h + 9 = m, 55 = w*m + 4*h. What is the tens digit of m?
1
Suppose 5*l = 30 + 290. What is the tens digit of l?
6
Suppose -3*x + l + 51 = -4*l, x - 6 = -2*l. What is the tens digit of x?
1
Let s(n) = 2*n**3 - n**2 + n + 1. Suppose 4*y - 3 = -5*l, -y - 4*l - 4 + 2 = 0. Let h be s(y). Suppose 2*r + h = 3*r. What is the tens digit of r?
1
Suppose 0 - 2 = -u. Suppose -22 = -u*m - 5*t - 3, -5*t = -15. What is the units digit of 7 - ((-4 - 0) + m)?
9
Let f = 14 - 12. Suppose 4*p - f = 6. What is the units digit of p?
2
Let l be 0 + 0/(-3) - 2. Let i(b) = 2*b**2 - 5*b + 4. Let z be i(3). Let g = l + z. What is the units digit of g?
5
Suppose -3*v + v - 12 = 0. What is the units digit of (8/v)/(6/(-135))?
0
Let p(d) = d**2 + 11*d + 8. Let m be p(-15). Suppose 3*w = w + m. What is the tens digit of w?
3
Suppose 8*l + 2*l - 430 = 0. What is the units digit of l?
3
Suppose -10*k = -12*k + 80. Suppose -3*h + k + 5 = 0. What is the units digit of h?
5
Suppose 48 = -4*o - d, d + d = -o - 5. Let g = -3 - o. What is the tens digit of g?
1
Let y(z) = -4 - 4 - 2*z - 4 + 4. What is the units digit of y(-7)?
6
Suppose 0 = -5*t + 238 - 78. What is the tens digit of t?
3
Let o(f) = -f + 51. What is the tens digit of o(-15)?
6
Let a = -282 + 565. What is the hundreds digit of a?
2
Let k = 16 + -23. Let i(p) be the second derivative of -p**5/20 - 2*p**4/3 - 3*p**3/2 - 9*p**2/2 - p. What is the units digit of i(k)?
5
Let p = 7 - 2. Suppose 2*z + 2 = 8. Suppose p*b = -r + 2 + 2, z*r = -3. What is the units digit of b?
1
Let s(x) = 21*x**2 - 4. Let w be s(2). Let h = w - 36. What is the tens digit of h?
4
Let m(g) = -28*g**3 + g**2 + g + 1. Let j be m(-1). What is the tens digit of j + (1 - -2) - 1?
3
Let i be 0 + 6 + (-9)/3. Suppose 0 = -i*c + 7*c - 104. What is the units digit of c?
6
Suppose 57 = b + 2*b. What is the tens digit of b?
1
Let j = 0 + 5. Suppose j*i = -s + 22, 3*i = -2*s + 8*i + 44. What is the units digit of s?
2
Suppose -2*r + 7 = 2*j - j, -5*j = 2*r - 19. What is the units digit of (-45)/(-6) - (-3)/r?
9
Suppose 12 = -3*q, 2*c = 2*q + 5 + 19. Let m = c + 0. What is the units digit of m?
8
Let l be (4/6)/(4/60). Let f = l - -1. What is the tens digit of f?
1
Suppose 3*j - 7 = 131. What is the tens digit of j?
4
Suppose -2 = 4*o - 5*q, -o = o - 2*q. Let a(v) = 2*v**3 - 4*v**2 + 3*v - 2. Let w be a(o). Suppose m - 8 = z, -m + w*z + 3 = -5. What is the units digit of m?
8
Suppose -3*i + 2*i + w = 7, 4*i + 4*w = -20. Let m(h) = h**3 + 5*h**2 - 8*h + 1. What is the tens digit of m(i)?
1
Suppose 4*y - k - 157 = 218, 100 = y + k. What is the tens digit of y?
9
Let f be 3/6*(1 - -5). What is the tens digit of 24/f*(-4)/(-2)?
1
Let h = 168 - 54. What is the tens digit of h?
1
Let a be -5 - -6 - 1*-2. Let k(r) = r + 4. What is the units digit of k(a)?
7
Suppose -b - 5 = -2*b. Suppose 0 = 5*a + 2*y - 48, -b*a + y + 42 = 6. What is the units digit of a?
8
Suppose 0*o + b = -o + 183, -2*b = -6. What is the hundreds digit of o?
1
Suppose 109 = 6*q - 95. What is the tens digit of q?
3
What is the hundreds digit of 2/9 + 3747/27*1?
1
Let v(z) = 48*z**2 + z - 1. What is the tens digit of v(1)?
4
Let r(d) = -d - 4. Let j = 0 - 5. Let y(l) = -3*l - 9. Let u(s) = j*r(s) + 2*y(s). What is the units digit of u(-7)?
9
Suppose g - 3 = -0. Suppose g*p - 24 = 2*p. What is the tens digit of p?
2
Let j be (3/6*0)/1. Suppose 2*d + j*d = -c + 10, 0 = -3*c + d + 23. What is the units digit of c?
8
Let s(b) = b**2 - 2*b - 2. Let q be s(3). Let c = q - -2. What is the units digit of (-3 - 2/(-2)) + c?
1
Let z = -29 + 57. What is the units digit of z?
8
Let l = -14 - -30. What is the tens digit of l?
1
Let l(r) be the first derivative of -1 - 2*r - 7*r + r - r**2. What is the units digit of l(-6)?
4
Let a(z) = 14*z**2 + 5*z - 1. What is the tens digit of a(4)?
4
Suppose 2*d - 4*x + 6*x = -6, -d + 5*x = 33. Let l be (-86)/d + 2/8. Suppose -m = -7 - l. What is the tens digit of m?
1
Let c = 12 + -5. What is the units digit of c?
7
Let m(y) be the first derivative of y**3/3 + 5*y**2/2 + 5*y - 1. Let c = 16 - 20. What is the units digit of m(c)?
1
What is the tens digit of -3 + (-14)/(-5) + (-1372)/(-10)?
3
Let y = 23 + -15. Let u(a) be the first derivative of a**2 + a - 3. What is the units digit of u(y)?
7
Let u(n) = -5*n - 13. What is the units digit of u(-8)?
7
Let s = -1 - -1. Let w be -4*(s - -1)*-5. What is the units digit of 1/5 + 56/w?
3
Suppose 0*l + 28 = 4*l. Suppose 3*x - 10 = -4*b, -b - 2*x = -6*x - 12. Suppose 19 - l = b*v. What is the units digit of v?
3
Let a(j) = -j**2 + 18*j + 8. Let r be a(17). Let o = r - 12. What is the units digit of o?
3
Let p = -106 - -167. Let m = -37 + p. What is the units digit of m?
4
Suppose 4*r - 12 = r. Suppose -r*m + 4 + 16 = 0. Suppose -3*w + m = p, -3*p + 3*w + 4 - 1 = 0. What is the units digit of p?
2
Let n be 8/(-12) - 2/(-3). Suppose 2*j + 1 - 23 = n. What is the tens digit of j?
1
What is the units digit of ((-176)/11)/(1/(-2))?
2
Suppose -6*m + 96 = -5*m. What is the tens digit of m?
9
Let q(r) = 14*r**2 + r. What is the units digit of q(1)?
5
Let m(p) = -p**3 - 5*p**2 - 7*p - 3. Let s be m(-4). Let h(z) = z - 6. Let x be h(0). What is the units digit of s/(x/(-2)) + 5?
8
Let s be 10/((-2)/(-13 + 1)). Suppose 0*d = -2*d + s. Suppose 34 = 4*x - h, 5*x = -h - 4*h + d. What is the units digit of x?
8
Let w be (0 - 2) + (-3 - -2). Let t = 21 - 11. Let x = t + w. What is the units digit of x?
7
Suppose 75 + 49 = 4*b. What is the units digit of b?
1
Let r = 50 + -10. What is the units digit of r?
0
Let o be 5 - (-6)/(-3) - 1. Suppose 3*h = o*h + 12. What is the tens digit of h?
1
Suppose 7*c - 2*c = 2*t - 10, 4*c + t + 8 = 0. Let p be (-1)/(1/c) - -1. Suppose 5*o - x - 17 = 2*x, 10 = p*o - 2*x. What is the units digit of o?
4
Suppose -2*r = -3 + 1. Let j(a) = 4 + a - 4 + r. What is the units digit of j(4)?
5
Let a(u) = 5*u - 2. Let v(n) = -n + 1. Let z(d) = -a(d) - 2*v(d). What is the units digit of z(-6)?
8
What is the tens digit of 6/4 - (200/16)/(-1)?
1
Let h(t) = t**2 + 5*t - 8. Let j be h(-7). Suppose -j + 18 = 4*u. Suppose 5*a - 2*d + 0*d - 12 = 0, u = 2*a + d. What is the units digit of a?
2
Let z(x) = -2 - x**3 - x**2 + 6 - 10*x**2 - 4*x - 6*x. What is the units digit of z(-10)?
4
Let j be (22/(-4))/((-2)/4). Suppose -4*k + 1 + j = 0. What is the units digit of k?
3
Let n(m) = -2*m - 8. Let q be n(-6). Suppose q*k + 10 = -k. Let d = k + 4. What is the units digit of d?
2
Let i(d) = -d**2 + 4*d - 3. Let k be i(3). Suppose k = -5*q - 0*q - 2*y + 98, 0 = -5*y + 20. What is the tens digit of q?
1
Suppose 4*b + 144 = 5*w, -3*b = -w + 6*w - 172. What is the units digit of w?
2
What is the units digit of 439/5 - 64/80?
7
Let t be (15/10)/((-2)/(-4)). Suppose m = -t*s - 13, -3*s + 3*m - 21 = -2*s. What is the units digit of (-2)/s*(35 + 4)?
3
Suppose 4*d - t = 74, 4*t + 0 = 8. Let h(v) = d*v + 3*v**2 + 0 + 3 - 15*v. What is the tens digit of h(-3)?
1
Let l be 18/4 - 7/14. What is the units digit of 2/l - 62/(-4)?
6
Let z = 1 - -6. Suppose -4 + z = -y. What is the units digit of (-2 - y)/((-2)/(-18))?
9
Suppose -6*q = -1108 + 250. What is the tens digit of q?
4
Let k = 7 - 4. Suppose -5*r = l + 9, -l - 4*r - k = 2. What is the tens digit of l?
1
Let z(p) = 3*p**2 + p - 6. What is the units digit of z(-4)?
8
Let h(v) = -2*v**3 - 4 - 5*v - 3*v + v**3 - 7*v**2. Let j be h(-6). Suppose j = -5*k - 12, -3*n + 2*k + 38 = 0. What is the units digit of n?
0
What is the units digit of (100 - (-1 - -4)) + 0?
7
Let k = 6 + -4. Let g = 1 + k. Suppose 0 = -g*b + c + 32